0
Calculate the remainder when 373 is divided by 18.
13
What is the remainder when 1799 is divided by 20?
19
What is the remainder when 248 is divided by 17?
10
What is the remainder when 202 is divided by 179?
23
What is the remainder when 146 is divided by 39?
29
What is the remainder when 1975 is divided by 220?
215
Calculate the remainder when 653 is divided by 85.
58
What is the remainder when 485 is divided by 61?
58
What is the remainder when 341 is divided by 95?
56
What is the remainder when 124 is divided by 17?
5
Calculate the remainder when 774 is divided by 52.
46
Calculate the remainder when 3195 is divided by 41.
38
Calculate the remainder when 244 is divided by 26.
10
Calculate the remainder when 65 is divided by 58.
7
What is the remainder when 2015 is divided by 498?
23
Calculate the remainder when 778 is divided by 19.
18
Calculate the remainder when 45 is divided by 13.
6
What is the remainder when 10265 is divided by 28?
17
What is the remainder when 2850 is divided by 124?
122
Calculate the remainder when 202 is divided by 11.
4
What is the remainder when 880 is divided by 52?
48
What is the remainder when 96 is divided by 81?
15
What is the remainder when 240 is divided by 62?
54
What is the remainder when 199 is divided by 28?
3
What is the remainder when 343 is divided by 316?
27
Calculate the remainder when 670 is divided by 200.
70
What is the remainder when 275 is divided by 136?
3
What is the remainder when 1104 is divided by 13?
12
Calculate the remainder when 1083 is divided by 25.
8
What is the remainder when 92 is divided by 6?
2
Calculate the remainder when 211 is divided by 44.
35
Calculate the remainder when 6044 is divided by 3020.
4
What is the remainder when 127 is divided by 2?
1
Calculate the remainder when 678 is divided by 224.
6
Calculate the remainder when 170 is divided by 33.
5
Calculate the remainder when 2141 is divided by 89.
5
What is the remainder when 21 is divided by 11?
10
Calculate the remainder when 139 is divided by 35.
34
What is the remainder when 143 is divided by 51?
41
What is the remainder when 154 is divided by 26?
24
What is the remainder when 4122 is divided by 75?
72
What is the remainder when 248 is divided by 25?
23
Calculate the remainder when 2244 is divided by 107.
104
Calculate the remainder when 872 is divided by 160.
72
What is the remainder when 106 is divided by 27?
25
Calculate the remainder when 43 is divided by 11.
10
What is the remainder when 719 is divided by 183?
170
Calculate the remainder when 130 is divided by 35.
25
What is the remainder when 448 is divided by 48?
16
What is the remainder when 1600 is divided by 134?
126
Calculate the remainder when 244 is divided by 86.
72
Calculate the remainder when 491 is divided by 7.
1
What is the remainder when 142 is divided by 24?
22
What is the remainder when 2346 is divided by 3?
0
Calculate the remainder when 287 is divided by 37.
28
Calculate the remainder when 14682 is divided by 15.
12
What is the remainder when 94 is divided by 26?
16
What is the remainder when 178 is divided by 20?
18
What is the remainder when 204 is divided by 54?
42
Calculate the remainder when 448 is divided by 18.
16
Calculate the remainder when 146 is divided by 63.
20
Calculate the remainder when 3683 is divided by 1224.
11
What is the remainder when 89 is divided by 18?
17
What is the remainder when 2718 is divided by 95?
58
Calculate the remainder when 87 is divided by 6.
3
What is the remainder when 1375 is divided by 106?
103
Calculate the remainder when 812 is divided by 47.
13
Calculate the remainder when 4530 is divided by 13.
6
What is the remainder when 48 is divided by 27?
21
What is the remainder when 2735 is divided by 144?
143
Calculate the remainder when 558 is divided by 272.
14
Calculate the remainder when 2665 is divided by 107.
97
Calculate the remainder when 95 is divided by 26.
17
Calculate the remainder when 1888 is divided by 133.
26
Calculate the remainder when 5775 is divided by 76.
75
Calculate the remainder when 37061 is divided by 8.
5
Calculate the remainder when 466 is divided by 28.
18
What is the remainder when 606 is divided by 16?
14
What is the remainder when 478 is divided by 72?
46
What is the remainder when 1369 is divided by 7?
4
Calculate the remainder when 173 is divided by 19.
2
What is the remainder when 286 is divided by 62?
38
Calculate the remainder when 396 is divided by 28.
4
What is the remainder when 169 is divided by 25?
19
Calculate the remainder when 262 is divided by 22.
20
Calculate the remainder when 53170 is divided by 28.
26
What is the remainder when 5963 is divided by 213?
212
Calculate the remainder when 467 is divided by 41.
16
Calculate the remainder when 364 is divided by 195.
169
What is the remainder when 143 is divided by 37?
32
What is the remainder when 177 is divided by 26?
21
Calculate the remainder when 153 is divided by 41.
30
Calculate the remainder when 1040 is divided by 61.
3
What is the remainder when 337 is divided by 43?
36
What is the remainder when 315 is divided by 289?
26
Calculate the remainder when 1313 is divided by 142.
35
Calculate the remainder when 20 is divided by 7.
6
Calculate the remainder when 3660 is divided by 111.
108
What is the remainder when 54 is divided by 41?
13
What is the remainder when 1170 is divided by 69?
66
What is the remainder when 120 is divided by 63?
57
What is the remainder when 174 is divided by 22?
20
What is the remainder when 88 is divided by 10?
8
What is the remainder when 810 is divided by 89?
9
What is the remainder when 210 is divided by 41?
5
What is the remainder when 706 is divided by 22?
2
Calculate the remainder when 384 is divided by 17.
10
Calculate the remainder when 11 is divided by 5.
1
What is the remainder when 4437 is divided by 148?
145
What is the remainder when 1334 is divided by 167?
165
Calculate the remainder when 9318 is divided by 1035.
3
What is the remainder when 57 is divided by 12?
9
Calculate the remainder when 11 is divided by 2.
1
Calculate the remainder when 381 is divided by 7.
3
Calculate the remainder when 81 is divided by 22.
15
Calculate the remainder when 1124 is divided by 35.
4
Calculate the remainder when 1471 is divided by 64.
63
Calculate the remainder when 4278 is divided by 34.
28
Calculate the remainder when 8001 is divided by 23.
20
What is the remainder when 281 is divided by 60?
41
What is the remainder when 1083 is divided by 121?
115
Calculate the remainder when 128 is divided by 43.
42
Calculate the remainder when 567 is divided by 140.
7
Calculate the remainder when 367 is divided by 62.
57
What is the remainder when 10077 is divided by 32?
29
What is the remainder when 1198 is divided by 118?
18
Calculate the remainder when 1047 is divided by 200.
47
Calculate the remainder when 780 is divided by 27.
24
What is the remainder when 2671 is divided by 19?
11
Calculate the remainder when 38 is divided by 15.
8
What is the remainder when 3448 is divided by 1147?
7
Calculate the remainder when 8 is divided by 2.
0
Calculate the remainder when 2702 is divided by 383.
21
What is the remainder when 2315 is divided by 61?
58
What is the remainder when 33395 is divided by 253?
252
Calculate the remainder when 2573 is divided by 16.
13
What is the remainder when 1129 is divided by 162?
157
What is the remainder when 366 is divided by 45?
6
Calculate the remainder when 428 is divided by 31.
25
What is the remainder when 306 is divided by 11?
9
What is the remainder when 87 is divided by 48?
39
Calculate the remainder when 96 is divided by 17.
11
What is the remainder when 42 is divided by 22?
20
What is the remainder when 194 is divided by 98?
96
What is the remainder when 5596 is divided by 22?
8
What is the remainder when 246 is divided by 72?
30
What is the remainder when 673 is divided by 20?
13
What is the remainder when 293 is divided by 99?
95
Calculate the remainder when 462 is divided by 94.
86
What is the remainder when 637 is divided by 81?
70
Calculate the remainder when 3204 is divided by 7.
5
What is the remainder when 46 is divided by 10?
6
What is the remainder when 229 is divided by 40?
29
Calculate the remainder when 113 is divided by 38.
37
What is